10111001011?
-1101010010111000110
In base 14, what is -7 + 13c27?
13c20
In base 12, what is -5818 + -b?
-5827
In base 9, what is -23446 + -3?
-23450
In base 3, what is -111000102122 + -200?
-111000110022
In base 6, what is 3203 - -2004?
5211
In base 4, what is -11 - 3302233?
-3302310
In base 12, what is 118a7 + b?
118b6
In base 10, what is 45532 - 1?
45531
In base 15, what is 2 + -32121?
-3211e
In base 6, what is -433100 - -1?
-433055
In base 8, what is 1 + 164613?
164614
In base 9, what is 5 + -3343?
-3337
In base 5, what is 2 - -1234401?
1234403
In base 6, what is 512 + -33234?
-32322
In base 2, what is 101000000110100001 + -11?
101000000110011110
In base 11, what is -10 - -61191?
61181
In base 7, what is 12 + 1222?
1234
In base 5, what is 0 - -22312?
22312
In base 9, what is 0 - -34366?
34366
In base 9, what is -65005 - 3?
-65008
In base 12, what is -2 - 334893?
-334895
In base 8, what is 10 + 16565?
16575
In base 9, what is -864 + -362?
-1336
In base 3, what is 102200200 - -101022?
110001222
In base 2, what is 10110000 + 1000001010?
1010111010
In base 6, what is 13 + 201352?
201405
In base 4, what is 3 + -1031232?
-1031223
In base 15, what is -2 + -54b4?
-54b6
In base 14, what is 1 - -78a2?
78a3
In base 2, what is -11000001001000011 + -11?
-11000001001000110
In base 4, what is -101313233 + 13?
-101313220
In base 13, what is 5 + 27313?
27318
In base 13, what is 6c - -a33?
aa2
In base 10, what is -229 - -13142?
12913
In base 3, what is -1021 - -20220102?
20212011
In base 10, what is 1682 + 379?
2061
In base 15, what is 50 + -3536?
-34d6
In base 10, what is -244 + 4?
-240
In base 12, what is -1a5 + -144?
-329
In base 10, what is 122 + -523?
-401
In base 11, what is 4 - 682a68?
-682a64
In base 12, what is 15 - 459a?
-4585
In base 8, what is -10 + 23707?
23677
In base 2, what is 1010 + 10010110000111100?
10010110001000110
In base 13, what is 4 - 67c?
-678
In base 16, what is -12ac5 - -27?
-12a9e
In base 15, what is -2b - -1b69?
1b3d
In base 6, what is 232023511 + -2?
232023505
In base 15, what is -d + 1151?
1143
In base 10, what is -733191 - 1?
-733192
In base 10, what is 2 + -16057?
-16055
In base 4, what is -12202301 + -11?
-12202312
In base 8, what is 4 - 22574?
-22570
In base 7, what is -1204154 + 30?
-1204124
In base 16, what is 364f - 3?
364c
In base 13, what is 119 - -17bc?
1908
In base 14, what is 2 - 7c566?
-7c564
In base 4, what is -311 + -331?
-1302
In base 6, what is -10031545 + 2?
-10031543
In base 11, what is 1 - 83433?
-83432
In base 13, what is -2597c - -3?
-25979
In base 2, what is -11011 - 110001110101000?
-110001111000011
In base 9, what is 4 - -27861?
27865
In base 5, what is 3423 + 110010?
113433
In base 2, what is 1011101100 + 111101?
1100101001
In base 13, what is 4a - -3bc?
439
In base 16, what is 2 - -5ae9?
5aeb
In base 13, what is a500 - 71?
a45c
In base 15, what is -1117b + 0?
-1117b
In base 7, what is -3 + -4303505?
-4303511
In base 5, what is -10 + -1332002?
-1332012
In base 12, what is 4 - 194a7?
-194a3
In base 14, what is 10a66 - -2?
10a68
In base 11, what is -660112 - -1?
-660111
In base 10, what is 35161 + 0?
35161
In base 8, what is -5 + -266370?
-266375
In base 12, what is -66392 - -2?
-66390
In base 11, what is -8 - -7778?
7770
In base 16, what is 1 - 2cce7?
-2cce6
In base 10, what is -4 + -41611?
-41615
In base 13, what is -1762 - 3?
-1765
In base 14, what is 22c7 + -2?
22c5
In base 3, what is 221121100 + -10010?
221111020
In base 15, what is 55 - 3d01?
-3c9b
In base 2, what is -1101000011101 - -101?
-1101000011000
In base 7, what is 541 - 16565?
-16024
In base 7, what is -32114634 + 3?
-32114631
In base 14, what is -104b7 - 5?
-104bc
In base 9, what is 144 - -55?
210
In base 6, what is -425 + -2405?
-3234
In base 5, what is -1043034103 + -3?
-1043034111
In base 7, what is 114 - -40315?
40432
In base 14, what is 13 - bbb?
-ba8
In base 9, what is 265 - -553?
828
In base 14, what is -54401 - 4?
-54405
In base 3, what is 201102111221 + 0?
201102111221
In base 3, what is -220220 - -220?
-220000
In base 15, what is -18b - -7?
-184
In base 11, what is -24825 + -11?
-24836
In base 15, what is -14592 + -4?
-14596
In base 13, what is -559 + -3b?
-597
In base 8, what is 2 + -247274?
-247272
In base 11, what is -256 + -1818?
-1a73
In base 13, what is -51 + -2c?
-80
In base 7, what is 15602 + 302?
16204
In base 5, what is -3 - 342234?
-342242
In base 2, what is -1110 - -10100110?
10011000
In base 13, what is -8ba2c - -2?
-8ba2a
In base 14, what is 9a - -40?
da
In base 3, what is 2 - -220211211120?
220211211122
In base 2, what is -1100110 + -101000010?
-110101000
In base 11, what is -53 + 24034?
23a91
In base 14, what is -122c + -a9?
-12d7
In base 15, what is -ecc + 0?
-ecc
In base 11, what is -9562 + 2?
-9560
In base 6, what is -22143511 + 4?
-22143503
In base 10, what is 1897 + 5?
1902
In base 9, what is 5 - -2087?
2103
In base 10, what is 8280 + 4?
8284
In base 7, what is -14550 - 5?
-14555
In base 12, what is 2 - 118144?
-118142
In base 15, what is 6399 + -a0?
62e9
In base 4, what is -22223313021 + 2?
-22223313013
In base 7, what is 13004 - -4013?
20020
In base 2, what is -100 + -101000000010?
-101000000110
In base 5, what is -30434 + 202?
-30232
In base 2, what is -1100111001110010 - -1100?
-1100111001100110
In base 5, what is -41 - 23044?
-23140
In base 7, what is -222460 - -16?
-222441
In base 4, what is -1311303 + -11132?
-1323101
In base 2, what is -111000110001 + -1000?
-111000111001
In base 10, what is 90 - 157?
-67
In base 10, what is 2841526 + -5?
2841521
In base 8, what is 210 + -7211?
-7001
In base 11, what is 3 - 39555?
-39552
In base 16, what is 518 + -97?
481
In base 13, what is a1 + -1ba?
-119
In base 6, what is 2140 - -350?
2530
In base 11, what is -2 - -61154?
61152
In base 9, what is 163677 - 5?
163672
In base 14, what is -3 - a6?
-a9
In base 9, what is -7807324 - -1?
-7807323
In base 5, what is -3 - 142212?
-142220
In base 3, what is 1202 + 2002001?
2010210
In base 10, what is 10 - -8682?
8692
In base 7, what is 356 + -42505?
-42116
In base 16, what is -1878 + 4f?
-1829
In base 16, what is -45f50 + -5?
-45f55
In base 9, what is 22713 + 6?
22720
In base 9, what is -1323507 + 4?
-1323503
In base 10, what is 11843 - 10?
11833
In base 10, what is 27734 + -2?
27732
In base 6, what is 11341 - -15?
11400
In base 9, what is 5 + -81477?
-81472
In base 16, what is -3e + 195?
157
In base 4, what is 30032 - -1112?
31210
In base 14, what is -2d - -11a7?
1178
In base 15, what is 5 + -1dbc?
-1db7
In base 12, what is 15b94 + 9?
15ba1
In base 3, what is -2 + -1120020?
-1120022
In base 13, what is 444 - 1a2?
272
In base 2, what is -100011 + 10101011000011000?
10101010111110101
In base 16, what is 6af - -14?
6c3
In base 12, what is -4 - -38bb7?
38bb3
In base 9, what is -363 + -18?
-382
In base 11, what is -4 - 349163?
-349167
In base 3, what is 11101111 + 12210?
11121021
In base 15, what is -188 - b5?
-24d
In base 10, what is 32 - 42194?
-42162
In base 4, what is 22221012 + -3?
22221003
In base 2, what is 101010000110100101 - -1010?
101010000110101111
In base 3, what is -101122002 + 1011?
-101120221
In base 6, what is -545 - 21243?
-22232
In base 11, what is -4 - -12267?
12263
In base 16, what is -13f09 - -3?
-13f06
In base 7, what is -6033321 + -4?
-6033325
In base 12, what is 20a - 5a94?
-5886
In base 10, what is -15395 + 7?
-15388
In base 13, what is 6 + -1457?
-1451
In base 3, what is 22020 - -100?
22120
In base 14, what is 99944 + c?
99952
In base 2, what is -11 + -1001010101110001?
-1001010101110100
In base 2, what is 10100011 - 1100000010000?
-1011101101101
In base 14, what is -623 - 0?
-623
In base 2, what is 11010 - -1110111100101?
1110111111111
In base 8, what is 105 - -2333?
2440
In base 5, what is -223002 + 1332?
-221120
In base 5, what is -41213 - -440?
-40223
In base 5, what is 3243310 + -14?
3243241
In base 15, what is -d4 - a74?
-b58
In base 5, what is 102 + 2232004?
2232111
In base 6, what is 10 + 10000421?
10000431
In base 3, what is 21020202200200 - -1?
21020202200201
In base 4, what is -120322 + 2223?
-112033
In base 2, what is -11001101111 - -10000?
-11001011111
In base 15, what is 2c72 + 6?
2c78
In base 11, what is -68493 - 5?
-68498
In base 11, what is -5 + 6485?
6480
In base 15, what is -